{"id":803,"date":"2023-04-24T19:03:15","date_gmt":"2023-04-24T17:03:15","guid":{"rendered":"https:\/\/lafermetteduciron.fr\/lafermetteWP\/?post_type=product&#038;p=803"},"modified":"2023-07-26T19:11:47","modified_gmt":"2023-07-26T17:11:47","slug":"lingettes-demaquillantes","status":"publish","type":"product","link":"https:\/\/lafermetteduciron.fr\/lafermetteWP\/product\/lingettes-demaquillantes\/","title":{"rendered":"Lot de 4 lingettes d\u00e9maquillantes r\u00e9utilisables"},"content":{"rendered":"<p>4 lingettes d\u00e9maquillantes r\u00e9utilisables en coton. Motifs de poules sur une surface.<\/p>\n","protected":false},"excerpt":{"rendered":"<p>Lingettes d\u00e9maquillantes<\/p>\n","protected":false},"featured_media":801,"template":"","meta":{"_EventAllDay":false,"_EventTimezone":"","_EventStartDate":"","_EventEndDate":"","_EventStartDateUTC":"","_EventEndDateUTC":"","_EventShowMap":false,"_EventShowMapLink":false,"_EventURL":"","_EventCost":"","_EventCostDescription":"","_EventCurrencySymbol":"","_EventCurrencyCode":"","_EventCurrencyPosition":"","_EventDateTimeSeparator":"","_EventTimeRangeSeparator":"","_EventOrganizerID":[],"_EventVenueID":[],"_OrganizerEmail":"","_OrganizerPhone":"","_OrganizerWebsite":"","_VenueAddress":"","_VenueCity":"","_VenueCountry":"","_VenueProvince":"","_VenueState":"","_VenueZip":"","_VenuePhone":"","_VenueURL":"","_VenueStateProvince":"","_VenueLat":"","_VenueLng":"","_VenueShowMap":false,"_VenueShowMapLink":false},"product_brand":[],"product_cat":[32],"product_tag":[],"class_list":{"0":"post-803","1":"product","2":"type-product","3":"status-publish","4":"has-post-thumbnail","6":"product_cat-lingettes","7":"product_shipping_class-non-fragile","9":"first","10":"instock","11":"taxable","12":"shipping-taxable","13":"purchasable","14":"product-type-simple"},"_links":{"self":[{"href":"https:\/\/lafermetteduciron.fr\/lafermetteWP\/wp-json\/wp\/v2\/product\/803","targetHints":{"allow":["GET"]}}],"collection":[{"href":"https:\/\/lafermetteduciron.fr\/lafermetteWP\/wp-json\/wp\/v2\/product"}],"about":[{"href":"https:\/\/lafermetteduciron.fr\/lafermetteWP\/wp-json\/wp\/v2\/types\/product"}],"wp:featuredmedia":[{"embeddable":true,"href":"https:\/\/lafermetteduciron.fr\/lafermetteWP\/wp-json\/wp\/v2\/media\/801"}],"wp:attachment":[{"href":"https:\/\/lafermetteduciron.fr\/lafermetteWP\/wp-json\/wp\/v2\/media?parent=803"}],"wp:term":[{"taxonomy":"product_brand","embeddable":true,"href":"https:\/\/lafermetteduciron.fr\/lafermetteWP\/wp-json\/wp\/v2\/product_brand?post=803"},{"taxonomy":"product_cat","embeddable":true,"href":"https:\/\/lafermetteduciron.fr\/lafermetteWP\/wp-json\/wp\/v2\/product_cat?post=803"},{"taxonomy":"product_tag","embeddable":true,"href":"https:\/\/lafermetteduciron.fr\/lafermetteWP\/wp-json\/wp\/v2\/product_tag?post=803"}],"curies":[{"name":"wp","href":"https:\/\/api.w.org\/{rel}","templated":true}]}}